{"id":60035,"date":"2017-09-21T11:43:51","date_gmt":"2017-09-21T10:43:51","guid":{"rendered":"http:\/\/www.airun.cat\/projecte\/la-tamborinada\/"},"modified":"2017-11-17T12:32:13","modified_gmt":"2017-11-17T11:32:13","slug":"la-tamborinada","status":"publish","type":"portfolio","link":"https:\/\/www.airun.cat\/es\/proyecto\/la-tamborinada\/","title":{"rendered":"La Tamborinada"},"content":{"rendered":"<section class=\"wpb-content-wrapper\"><p>[vc_row][vc_column width=\u00bb2\/3&#8243;][vc_gallery el_id=\u00bbgallery-501559&#8243; medias=\u00bb57728,57729,57730,57731,57732&#8243; gutter_size=\u00bb3&#8243; screen_lg=\u00bb1000&#8243; screen_md=\u00bb600&#8243; screen_sm=\u00bb480&#8243; single_overlay_opacity=\u00bb50&#8243; single_padding=\u00bb2&#8243;][\/vc_column][vc_column width=\u00bb1\/3&#8243;][vc_column_text el_class=\u00bbprojectes-p\u00bb]<strong>Nombre acto<br \/>\n<\/strong>La Tamborinada<strong><br \/>\n<\/strong><\/p>\n<p><strong>Fecha realizaci\u00f3n<br \/>\n<\/strong>Domingo 11 de junio de 2017<strong><br \/>\n<\/strong><\/p>\n<p><strong>Nombre Cliente<br \/>\n<\/strong>La Roda Fundaci\u00f3 d\u2019Accions Culturals i del Lleure<strong><br \/>\n<\/strong><\/p>\n<p><strong>Ubicaci\u00f3n del acto<br \/>\n<\/strong>Parc de la Ciutadella de Barcelona<strong><br \/>\n<\/strong><\/p>\n<p style=\"text-align: justify;\"><strong>Descripci\u00f3n<br \/>\n<\/strong>Durante m\u00e1s de 10 ediciones, Airun ha realizado la parte de la producci\u00f3n t\u00e9cnica y log\u00edstica del acto.<\/p>\n<p><strong>Url&#8217;s<br \/>\n<\/strong><a href=\"http:\/\/www.fundaciolaroda.cat\/es\" target=\"_blank\" rel=\"noopener\">La Roda Fundaci\u00f3<\/a><strong><br \/>\n<\/strong><\/p>\n<p><strong>Categorias<br \/>\n<\/strong><ul class=\"subcat\"><li><a href=\"https:\/\/www.airun.cat\/es\/subcategoria-projecte\/actos-de-participacion\/\" rel=\"tag\">Actos de participaci\u00f3n<\/a><\/li><li><a href=\"https:\/\/www.airun.cat\/es\/subcategoria-projecte\/regidorias-y-coordinaciones-tecnicas\/\" rel=\"tag\">Regidor\u00edas y coordinaciones t\u00e9cnicas<\/a><\/li><li><a href=\"https:\/\/www.airun.cat\/es\/subcategoria-projecte\/dinamizacion-y-monitores\/\" rel=\"tag\">Dinamizaci\u00f3n y monitores<\/a><\/li><li><a href=\"https:\/\/www.airun.cat\/es\/subcategoria-projecte\/soporte-tecnico-actos\/\" rel=\"tag\">Soporte t\u00e9cnico actos<\/a><\/li><\/ul>[\/vc_column_text][vc_raw_html]JTNDYnV0dG9uJTIwY2xhc3MlM0QlMjJ0b3JuYXItYnRuJTIyJTIwb25jbGljayUzRCUyMmdvQmFjayUyOCUyOSUyMiUzRSUzQyUyMFZvbHZlciUyMGElMjBQcm95ZWN0b3MlM0MlMkZidXR0b24lM0U=[\/vc_raw_html][\/vc_column][\/vc_row]<\/p>\n<\/section>","protected":false},"excerpt":{"rendered":"<p>[vc_row][vc_column width=\u00bb2\/3&#8243;][vc_gallery el_id=\u00bbgallery-501559&#8243; medias=\u00bb57728,57729,57730,57731,57732&#8243; gutter_size=\u00bb3&#8243; screen_lg=\u00bb1000&#8243; screen_md=\u00bb600&#8243; screen_sm=\u00bb480&#8243; single_overlay_opacity=\u00bb50&#8243; single_padding=\u00bb2&#8243;][\/vc_column][vc_column width=\u00bb1\/3&#8243;][vc_column_text el_class=\u00bbprojectes-p\u00bb]Nombre acto La Tamborinada Fecha realizaci\u00f3n Domingo 11 de [&hellip;]<\/p>\n","protected":false},"author":1,"featured_media":59872,"parent":0,"menu_order":30,"comment_status":"open","ping_status":"open","template":"","meta":[],"portfolio_category":[106,110],"_links":{"self":[{"href":"https:\/\/www.airun.cat\/es\/wp-json\/wp\/v2\/portfolio\/60035"}],"collection":[{"href":"https:\/\/www.airun.cat\/es\/wp-json\/wp\/v2\/portfolio"}],"about":[{"href":"https:\/\/www.airun.cat\/es\/wp-json\/wp\/v2\/types\/portfolio"}],"author":[{"embeddable":true,"href":"https:\/\/www.airun.cat\/es\/wp-json\/wp\/v2\/users\/1"}],"replies":[{"embeddable":true,"href":"https:\/\/www.airun.cat\/es\/wp-json\/wp\/v2\/comments?post=60035"}],"version-history":[{"count":2,"href":"https:\/\/www.airun.cat\/es\/wp-json\/wp\/v2\/portfolio\/60035\/revisions"}],"predecessor-version":[{"id":60066,"href":"https:\/\/www.airun.cat\/es\/wp-json\/wp\/v2\/portfolio\/60035\/revisions\/60066"}],"wp:featuredmedia":[{"embeddable":true,"href":"https:\/\/www.airun.cat\/es\/wp-json\/wp\/v2\/media\/59872"}],"wp:attachment":[{"href":"https:\/\/www.airun.cat\/es\/wp-json\/wp\/v2\/media?parent=60035"}],"wp:term":[{"taxonomy":"portfolio_category","embeddable":true,"href":"https:\/\/www.airun.cat\/es\/wp-json\/wp\/v2\/portfolio_category?post=60035"}],"curies":[{"name":"wp","href":"https:\/\/api.w.org\/{rel}","templated":true}]}}

<section class="wpb-content-wrapper"><p>[vc_row][vc_column width=»2/3&#8243;][vc_gallery el_id=»gallery-501559&#8243; medias=»57728,57729,57730,57731,57732&#8243; gutter_size=»3&#8243; screen_lg=»1000&#8243; screen_md=»600&#8243; screen_sm=»480&#8243; single_overlay_opacity=»50&#8243; single_padding=»2&#8243;][/vc_column][vc_column width=»1/3&#8243;][vc_column_text el_class=»projectes-p»]<strong>Nombre acto<br />
</strong>La Tamborinada<strong><br />
</strong></p>
<p><strong>Fecha realización<br />
</strong>Domingo 11 de junio de 2017<strong><br />
</strong></p>
<p><strong>Nombre Cliente<br />
</strong>La Roda Fundació d’Accions Culturals i del Lleure<strong><br />
</strong></p>
<p><strong>Ubicación del acto<br />
</strong>Parc de la Ciutadella de Barcelona<strong><br />
</strong></p>
<p style="text-align: justify;"><strong>Descripción<br />
</strong>Durante más de 10 ediciones, Airun ha realizado la parte de la producción técnica y logística del acto.</p>
<p><strong>Url&#8217;s<br />
</strong><a href="http://www.fundaciolaroda.cat/es" target="_blank" rel="noopener">La Roda Fundació</a><strong><br />
</strong></p>
<p><strong>Categorias<br />
</strong><ul class="subcat"><li><a href="https://www.airun.cat/es/subcategoria-projecte/actos-de-participacion/" rel="tag">Actos de participación</a></li><li><a href="https://www.airun.cat/es/subcategoria-projecte/regidorias-y-coordinaciones-tecnicas/" rel="tag">Regidorías y coordinaciones técnicas</a></li><li><a href="https://www.airun.cat/es/subcategoria-projecte/dinamizacion-y-monitores/" rel="tag">Dinamización y monitores</a></li><li><a href="https://www.airun.cat/es/subcategoria-projecte/soporte-tecnico-actos/" rel="tag">Soporte técnico actos</a></li></ul>[/vc_column_text][vc_raw_html]JTNDYnV0dG9uJTIwY2xhc3MlM0QlMjJ0b3JuYXItYnRuJTIyJTIwb25jbGljayUzRCUyMmdvQmFjayUyOCUyOSUyMiUzRSUzQyUyMFZvbHZlciUyMGElMjBQcm95ZWN0b3MlM0MlMkZidXR0b24lM0U=[/vc_raw_html][/vc_column][/vc_row]</p>
</section>

<p>[vc_row][vc_column width=»2/3&#8243;][vc_gallery el_id=»gallery-501559&#8243; medias=»57728,57729,57730,57731,57732&#8243; gutter_size=»3&#8243; screen_lg=»1000&#8243; screen_md=»600&#8243; screen_sm=»480&#8243; single_overlay_opacity=»50&#8243; single_padding=»2&#8243;][/vc_column][vc_column width=»1/3&#8243;][vc_column_text el_class=»projectes-p»]Nombre acto La Tamborinada Fecha realización Domingo 11 de [&hellip;]</p>
