{"id":60019,"date":"2017-09-21T09:57:28","date_gmt":"2017-09-21T08:57:28","guid":{"rendered":"http:\/\/www.airun.cat\/projecte\/el-carnaval-historic-de-barcelona\/"},"modified":"2017-11-20T10:28:12","modified_gmt":"2017-11-20T09:28:12","slug":"el-carnaval-historic-de-barcelona","status":"publish","type":"portfolio","link":"https:\/\/www.airun.cat\/es\/proyecto\/el-carnaval-historic-de-barcelona\/","title":{"rendered":"El Carnaval hist\u00f2ric de Barcelona"},"content":{"rendered":"<section class=\"wpb-content-wrapper\"><p>[vc_row][vc_column width=\u00bb2\/3&#8243;][vc_gallery el_id=\u00bbgallery-501559&#8243; medias=\u00bb57627,57628,57629,57630&#8243; gutter_size=\u00bb3&#8243; screen_lg=\u00bb1000&#8243; screen_md=\u00bb600&#8243; screen_sm=\u00bb480&#8243; single_overlay_opacity=\u00bb50&#8243; single_padding=\u00bb2&#8243;][\/vc_column][vc_column width=\u00bb1\/3&#8243;][vc_column_text el_class=\u00bbprojectes-p\u00bb]<strong>Nombre acto<br \/>\n<\/strong>El Carnaval hist\u00f2ric de Barcelona<strong><br \/>\n<\/strong><\/p>\n<p><strong>Fecha realizaci\u00f3n<br \/>\n<\/strong>del 23 de febrero al 3 de marzo de 2017<\/p>\n<p><strong>Nombre Cliente<br \/>\n<\/strong>Comissionat de Participaci\u00f3 i l\u2019ICUB de l\u2019Ajuntament de Barcelona<strong><br \/>\n<\/strong><\/p>\n<p><strong>Ubicaci\u00f3n del acto<br \/>\n<\/strong>Casc Antic de Barcelona<strong><br \/>\n<\/strong><\/p>\n<p style=\"text-align: justify;\"><strong>Descripci\u00f3n<br \/>\n<\/strong>Durante 5 ediciones Airun ha realizado parte de la producci\u00f3n t\u00e9cnica y log\u00edstica de los diferentes actos de carnaval, as\u00ed como el soporte de personal para a la gesti\u00f3n de los vestuarios.<strong><br \/>\n<\/strong><\/p>\n<p><strong>Url&#8217;s<br \/>\n<\/strong><a href=\"http:\/\/lameva.barcelona.cat\/culturapopular\/ca\/festes-i-tradicions\/carnaval-de-barcelona\" target=\"_blank\" rel=\"noopener\">Carnaval de Barcelona<\/a><strong><br \/>\n<\/strong><\/p>\n<p><strong>Categor\u00edas<\/strong><br \/>\n<ul class=\"subcat\"><li><a href=\"https:\/\/www.airun.cat\/es\/subcategoria-projecte\/actos-de-participacion\/\" rel=\"tag\">Actos de participaci\u00f3n<\/a><\/li><li><a href=\"https:\/\/www.airun.cat\/es\/subcategoria-projecte\/secretaria-y-oficina-tecnica\/\" rel=\"tag\">Secretaria y oficina t\u00e9cnica<\/a><\/li><li><a href=\"https:\/\/www.airun.cat\/es\/subcategoria-projecte\/regidorias-y-coordinaciones-tecnicas\/\" rel=\"tag\">Regidor\u00edas y coordinaciones t\u00e9cnicas<\/a><\/li><li><a href=\"https:\/\/www.airun.cat\/es\/subcategoria-projecte\/dinamizacion-y-monitores\/\" rel=\"tag\">Dinamizaci\u00f3n y monitores<\/a><\/li><li><a href=\"https:\/\/www.airun.cat\/es\/subcategoria-projecte\/soporte-tecnico-actos\/\" rel=\"tag\">Soporte t\u00e9cnico actos<\/a><\/li><\/ul>[\/vc_column_text][vc_raw_html]JTNDYnV0dG9uJTIwY2xhc3MlM0QlMjJ0b3JuYXItYnRuJTIyJTIwb25jbGljayUzRCUyMmdvQmFjayUyOCUyOSUyMiUzRSUzQyUyMFZvbHZlciUyMGElMjBQcm95ZWN0b3MlM0MlMkZidXR0b24lM0U=[\/vc_raw_html][\/vc_column][\/vc_row][vc_row row_height_percent=\u00bb0&#8243; override_padding=\u00bbyes\u00bb h_padding=\u00bb2&#8243; top_padding=\u00bb3&#8243; bottom_padding=\u00bb4&#8243; back_color=\u00bbaccent\u00bb overlay_alpha=\u00bb100&#8243; gutter_size=\u00bb100&#8243; shift_y=\u00bb0&#8243; style=\u00bbinherited\u00bb css=\u00bb.vc_custom_1505747431453{margin-bottom: 0px !important;padding-bottom: 0px !important;}\u00bb][vc_column column_width_use_pixel=\u00bbyes\u00bb style=\u00bbdark\u00bb overlay_alpha=\u00bb100&#8243; gutter_size=\u00bb3&#8243; medium_width=\u00bb0&#8243; mobile_width=\u00bb0&#8243; shift_x=\u00bb0&#8243; shift_y=\u00bb0&#8243; z_index=\u00bb0&#8243; zoom_width=\u00bb0&#8243; zoom_height=\u00bb0&#8243; width=\u00bb1\/1&#8243;][vc_custom_heading text_height=\u00bbfontheight-115847&#8243; text_font=\u00bbfont-144571&#8243; text_weight=\u00bb500&#8243; text_transform=\u00bbuppercase\u00bb text_color=\u00bbcolor-xsdn\u00bb separator=\u00bbyes\u00bb sub_lead=\u00bbyes\u00bb sub_reduced=\u00bbyes\u00bb text_align=\u00bbtext-center\u00bb el_class=\u00bbquisom-separator\u00bb]Cartelleria[\/vc_custom_heading][vc_gallery el_id=\u00bbgallery-190795&#8243; medias=\u00bb57631&#8243; gutter_size=\u00bb3&#8243; screen_lg=\u00bb1000&#8243; screen_md=\u00bb600&#8243; screen_sm=\u00bb480&#8243; single_overlay_opacity=\u00bb50&#8243; single_padding=\u00bb2&#8243;][\/vc_column][\/vc_row][vc_row row_height_percent=\u00bb0&#8243; override_padding=\u00bbyes\u00bb h_padding=\u00bb0&#8243; top_padding=\u00bb2&#8243; bottom_padding=\u00bb2&#8243; back_color=\u00bbcolor-uydo\u00bb overlay_alpha=\u00bb50&#8243; gutter_size=\u00bb3&#8243; shift_y=\u00bb0&#8243;][vc_column width=\u00bb1\/3&#8243;][\/vc_column][vc_column width=\u00bb1\/3&#8243;][\/vc_column][vc_column width=\u00bb1\/3&#8243;][vc_raw_html]JTNDYnV0dG9uJTIwY2xhc3MlM0QlMjJ0b3JuYXItYnRuJTIyJTIwb25jbGljayUzRCUyMmdvQmFjayUyOCUyOSUyMiUzRSUzQyUyMFRvcm5hciUyMGElMjBQcm9qZWN0ZXMlM0MlMkZidXR0b24lM0U=[\/vc_raw_html][\/vc_column][\/vc_row]<\/p>\n<\/section>","protected":false},"excerpt":{"rendered":"<p>[vc_row][vc_column width=\u00bb2\/3&#8243;][vc_gallery el_id=\u00bbgallery-501559&#8243; medias=\u00bb57627,57628,57629,57630&#8243; gutter_size=\u00bb3&#8243; screen_lg=\u00bb1000&#8243; screen_md=\u00bb600&#8243; screen_sm=\u00bb480&#8243; single_overlay_opacity=\u00bb50&#8243; single_padding=\u00bb2&#8243;][\/vc_column][vc_column width=\u00bb1\/3&#8243;][vc_column_text el_class=\u00bbprojectes-p\u00bb]Nombre acto El Carnaval hist\u00f2ric de Barcelona Fecha realizaci\u00f3n [&hellip;]<\/p>\n","protected":false},"author":1,"featured_media":59720,"parent":0,"menu_order":62,"comment_status":"open","ping_status":"open","template":"","meta":[],"portfolio_category":[106,110],"_links":{"self":[{"href":"https:\/\/www.airun.cat\/es\/wp-json\/wp\/v2\/portfolio\/60019"}],"collection":[{"href":"https:\/\/www.airun.cat\/es\/wp-json\/wp\/v2\/portfolio"}],"about":[{"href":"https:\/\/www.airun.cat\/es\/wp-json\/wp\/v2\/types\/portfolio"}],"author":[{"embeddable":true,"href":"https:\/\/www.airun.cat\/es\/wp-json\/wp\/v2\/users\/1"}],"replies":[{"embeddable":true,"href":"https:\/\/www.airun.cat\/es\/wp-json\/wp\/v2\/comments?post=60019"}],"version-history":[{"count":2,"href":"https:\/\/www.airun.cat\/es\/wp-json\/wp\/v2\/portfolio\/60019\/revisions"}],"predecessor-version":[{"id":60111,"href":"https:\/\/www.airun.cat\/es\/wp-json\/wp\/v2\/portfolio\/60019\/revisions\/60111"}],"wp:featuredmedia":[{"embeddable":true,"href":"https:\/\/www.airun.cat\/es\/wp-json\/wp\/v2\/media\/59720"}],"wp:attachment":[{"href":"https:\/\/www.airun.cat\/es\/wp-json\/wp\/v2\/media?parent=60019"}],"wp:term":[{"taxonomy":"portfolio_category","embeddable":true,"href":"https:\/\/www.airun.cat\/es\/wp-json\/wp\/v2\/portfolio_category?post=60019"}],"curies":[{"name":"wp","href":"https:\/\/api.w.org\/{rel}","templated":true}]}}

El Carnaval històric de Barcelona

<section class="wpb-content-wrapper"><p>[vc_row][vc_column width=»2/3&#8243;][vc_gallery el_id=»gallery-501559&#8243; medias=»57627,57628,57629,57630&#8243; gutter_size=»3&#8243; screen_lg=»1000&#8243; screen_md=»600&#8243; screen_sm=»480&#8243; single_overlay_opacity=»50&#8243; single_padding=»2&#8243;][/vc_column][vc_column width=»1/3&#8243;][vc_column_text el_class=»projectes-p»]<strong>Nombre acto<br />
</strong>El Carnaval històric de Barcelona<strong><br />
</strong></p>
<p><strong>Fecha realización<br />
</strong>del 23 de febrero al 3 de marzo de 2017</p>
<p><strong>Nombre Cliente<br />
</strong>Comissionat de Participació i l’ICUB de l’Ajuntament de Barcelona<strong><br />
</strong></p>
<p><strong>Ubicación del acto<br />
</strong>Casc Antic de Barcelona<strong><br />
</strong></p>
<p style="text-align: justify;"><strong>Descripción<br />
</strong>Durante 5 ediciones Airun ha realizado parte de la producción técnica y logística de los diferentes actos de carnaval, así como el soporte de personal para a la gestión de los vestuarios.<strong><br />
</strong></p>
<p><strong>Url&#8217;s<br />
</strong><a href="http://lameva.barcelona.cat/culturapopular/ca/festes-i-tradicions/carnaval-de-barcelona" target="_blank" rel="noopener">Carnaval de Barcelona</a><strong><br />
</strong></p>
<p><strong>Categorías</strong><br />
<ul class="subcat"><li><a href="https://www.airun.cat/es/subcategoria-projecte/actos-de-participacion/" rel="tag">Actos de participación</a></li><li><a href="https://www.airun.cat/es/subcategoria-projecte/secretaria-y-oficina-tecnica/" rel="tag">Secretaria y oficina técnica</a></li><li><a href="https://www.airun.cat/es/subcategoria-projecte/regidorias-y-coordinaciones-tecnicas/" rel="tag">Regidorías y coordinaciones técnicas</a></li><li><a href="https://www.airun.cat/es/subcategoria-projecte/dinamizacion-y-monitores/" rel="tag">Dinamización y monitores</a></li><li><a href="https://www.airun.cat/es/subcategoria-projecte/soporte-tecnico-actos/" rel="tag">Soporte técnico actos</a></li></ul>[/vc_column_text][vc_raw_html]JTNDYnV0dG9uJTIwY2xhc3MlM0QlMjJ0b3JuYXItYnRuJTIyJTIwb25jbGljayUzRCUyMmdvQmFjayUyOCUyOSUyMiUzRSUzQyUyMFZvbHZlciUyMGElMjBQcm95ZWN0b3MlM0MlMkZidXR0b24lM0U=[/vc_raw_html][/vc_column][/vc_row][vc_row row_height_percent=»0&#8243; override_padding=»yes» h_padding=»2&#8243; top_padding=»3&#8243; bottom_padding=»4&#8243; back_color=»accent» overlay_alpha=»100&#8243; gutter_size=»100&#8243; shift_y=»0&#8243; style=»inherited» css=».vc_custom_1505747431453{margin-bottom: 0px !important;padding-bottom: 0px !important;}»][vc_column column_width_use_pixel=»yes» style=»dark» overlay_alpha=»100&#8243; gutter_size=»3&#8243; medium_width=»0&#8243; mobile_width=»0&#8243; shift_x=»0&#8243; shift_y=»0&#8243; z_index=»0&#8243; zoom_width=»0&#8243; zoom_height=»0&#8243; width=»1/1&#8243;][vc_custom_heading text_height=»fontheight-115847&#8243; text_font=»font-144571&#8243; text_weight=»500&#8243; text_transform=»uppercase» text_color=»color-xsdn» separator=»yes» sub_lead=»yes» sub_reduced=»yes» text_align=»text-center» el_class=»quisom-separator»]Cartelleria[/vc_custom_heading][vc_gallery el_id=»gallery-190795&#8243; medias=»57631&#8243; gutter_size=»3&#8243; screen_lg=»1000&#8243; screen_md=»600&#8243; screen_sm=»480&#8243; single_overlay_opacity=»50&#8243; single_padding=»2&#8243;][/vc_column][/vc_row][vc_row row_height_percent=»0&#8243; override_padding=»yes» h_padding=»0&#8243; top_padding=»2&#8243; bottom_padding=»2&#8243; back_color=»color-uydo» overlay_alpha=»50&#8243; gutter_size=»3&#8243; shift_y=»0&#8243;][vc_column width=»1/3&#8243;][/vc_column][vc_column width=»1/3&#8243;][/vc_column][vc_column width=»1/3&#8243;][vc_raw_html]JTNDYnV0dG9uJTIwY2xhc3MlM0QlMjJ0b3JuYXItYnRuJTIyJTIwb25jbGljayUzRCUyMmdvQmFjayUyOCUyOSUyMiUzRSUzQyUyMFRvcm5hciUyMGElMjBQcm9qZWN0ZXMlM0MlMkZidXR0b24lM0U=[/vc_raw_html][/vc_column][/vc_row]</p>
</section>

<p>[vc_row][vc_column width=»2/3&#8243;][vc_gallery el_id=»gallery-501559&#8243; medias=»57627,57628,57629,57630&#8243; gutter_size=»3&#8243; screen_lg=»1000&#8243; screen_md=»600&#8243; screen_sm=»480&#8243; single_overlay_opacity=»50&#8243; single_padding=»2&#8243;][/vc_column][vc_column width=»1/3&#8243;][vc_column_text el_class=»projectes-p»]Nombre acto El Carnaval històric de Barcelona Fecha realización [&hellip;]</p>
