{"id":60017,"date":"2017-09-21T09:49:45","date_gmt":"2017-09-21T08:49:45","guid":{"rendered":"http:\/\/www.airun.cat\/projecte\/canta-gran-concert-de-nadal-de-les-persones-grans-de-barcelona\/"},"modified":"2017-11-20T10:35:00","modified_gmt":"2017-11-20T09:35:00","slug":"canta-gran-concert-de-nadal-de-les-persones-grans-de-barcelona","status":"publish","type":"portfolio","link":"https:\/\/www.airun.cat\/es\/proyecto\/canta-gran-concert-de-nadal-de-les-persones-grans-de-barcelona\/","title":{"rendered":"Canta Gran! Concert de Nadal de les persones grans de Barcelona"},"content":{"rendered":"<section class=\"wpb-content-wrapper\"><p>[vc_row][vc_column width=\u00bb2\/3&#8243;][vc_gallery el_id=\u00bbgallery-501559&#8243; medias=\u00bb57621,57622,57623&#8243; gutter_size=\u00bb3&#8243; screen_lg=\u00bb1000&#8243; screen_md=\u00bb600&#8243; screen_sm=\u00bb480&#8243; single_overlay_opacity=\u00bb50&#8243; single_padding=\u00bb2&#8243;][\/vc_column][vc_column width=\u00bb1\/3&#8243;][vc_column_text el_class=\u00bbprojectes-p\u00bb]<strong>Nombre acto<br \/>\n<\/strong>Canta Gran! Concert de Nadal de les persones grans de Barcelona<strong><br \/>\n<\/strong><\/p>\n<p><strong>Fecha realizaci\u00f3n<br \/>\n<\/strong>Martes 20 de diciembre de 2016<strong><br \/>\n<\/strong><\/p>\n<p><strong>Nombre Cliente<br \/>\n<\/strong>Departament de Promoci\u00f3 de la Gent Gran de l\u2019Ajuntament de Barcelona<strong><br \/>\n<\/strong><\/p>\n<p><strong>Ubicaci\u00f3 de l\u2019acte<br \/>\n<\/strong>L\u2019Auditori de Barcelona \u2013 Sala 1 (Pau Casals)<strong><br \/>\n<\/strong><\/p>\n<p style=\"text-align: justify;\"><strong>Descripci\u00f3n<br \/>\n<\/strong>Coordinaci\u00f3n general del proyecto, secretar\u00eda t\u00e9cnica y gesti\u00f3n de las corales participantes, gesti\u00f3n de p\u00fablicos , producci\u00f3n, dise\u00f1o y gesti\u00f3n de las redes sociales.<strong><br \/>\n<\/strong><\/p>\n<p><strong>Url&#8217;s<br \/>\n<\/strong><a href=\"https:\/\/www.facebook.com\/ConcertNadalGentGran\" target=\"_blank\" rel=\"noopener\">Concert de Nadal de la Gent Gran (Facebook)<\/a><strong><br \/>\n<\/strong><\/p>\n<p><strong>Categor\u00edas<\/strong><br \/>\n<ul class=\"subcat\"><li><a href=\"https:\/\/www.airun.cat\/es\/subcategoria-projecte\/actos-de-participacion\/\" rel=\"tag\">Actos de participaci\u00f3n<\/a><\/li><li><a href=\"https:\/\/www.airun.cat\/es\/subcategoria-projecte\/programacion-cultural-espectaculos-y-actividades\/\" rel=\"tag\">Programaci\u00f3n cultural espect\u00e1culos y actividades<\/a><\/li><li><a href=\"https:\/\/www.airun.cat\/es\/subcategoria-projecte\/secretaria-y-oficina-tecnica\/\" rel=\"tag\">Secretaria y oficina t\u00e9cnica<\/a><\/li><li><a href=\"https:\/\/www.airun.cat\/es\/subcategoria-projecte\/regidorias-y-coordinaciones-tecnicas\/\" rel=\"tag\">Regidor\u00edas y coordinaciones t\u00e9cnicas<\/a><\/li><li><a href=\"https:\/\/www.airun.cat\/es\/subcategoria-projecte\/soporte-tecnico-actos\/\" rel=\"tag\">Soporte t\u00e9cnico actos<\/a><\/li><\/ul>[\/vc_column_text][vc_raw_html]JTNDYnV0dG9uJTIwY2xhc3MlM0QlMjJ0b3JuYXItYnRuJTIyJTIwb25jbGljayUzRCUyMmdvQmFjayUyOCUyOSUyMiUzRSUzQyUyMFZvbHZlciUyMGElMjBQcm95ZWN0b3MlM0MlMkZidXR0b24lM0U=[\/vc_raw_html][\/vc_column][\/vc_row][vc_row row_height_percent=\u00bb0&#8243; override_padding=\u00bbyes\u00bb h_padding=\u00bb2&#8243; top_padding=\u00bb3&#8243; bottom_padding=\u00bb4&#8243; back_color=\u00bbaccent\u00bb overlay_alpha=\u00bb100&#8243; gutter_size=\u00bb100&#8243; shift_y=\u00bb0&#8243; style=\u00bbinherited\u00bb css=\u00bb.vc_custom_1505747431453{margin-bottom: 0px !important;padding-bottom: 0px !important;}\u00bb][vc_column column_width_use_pixel=\u00bbyes\u00bb style=\u00bbdark\u00bb overlay_alpha=\u00bb100&#8243; gutter_size=\u00bb3&#8243; medium_width=\u00bb0&#8243; mobile_width=\u00bb0&#8243; shift_x=\u00bb0&#8243; shift_y=\u00bb0&#8243; z_index=\u00bb0&#8243; zoom_width=\u00bb0&#8243; zoom_height=\u00bb0&#8243; width=\u00bb1\/1&#8243;][vc_custom_heading text_height=\u00bbfontheight-115847&#8243; text_font=\u00bbfont-144571&#8243; text_weight=\u00bb500&#8243; text_transform=\u00bbuppercase\u00bb text_color=\u00bbcolor-xsdn\u00bb separator=\u00bbyes\u00bb sub_lead=\u00bbyes\u00bb sub_reduced=\u00bbyes\u00bb text_align=\u00bbtext-center\u00bb el_class=\u00bbquisom-separator\u00bb]Carteler\u00eda[\/vc_custom_heading][vc_gallery el_id=\u00bbgallery-190795&#8243; medias=\u00bb57624&#8243; gutter_size=\u00bb3&#8243; screen_lg=\u00bb1000&#8243; screen_md=\u00bb600&#8243; screen_sm=\u00bb480&#8243; single_overlay_opacity=\u00bb50&#8243; single_padding=\u00bb2&#8243;][\/vc_column][\/vc_row][vc_row row_height_percent=\u00bb0&#8243; override_padding=\u00bbyes\u00bb h_padding=\u00bb0&#8243; top_padding=\u00bb2&#8243; bottom_padding=\u00bb2&#8243; back_color=\u00bbcolor-uydo\u00bb overlay_alpha=\u00bb50&#8243; gutter_size=\u00bb3&#8243; shift_y=\u00bb0&#8243;][vc_column width=\u00bb1\/3&#8243;][\/vc_column][vc_column width=\u00bb1\/3&#8243;][\/vc_column][vc_column width=\u00bb1\/3&#8243;][vc_raw_html]JTNDYnV0dG9uJTIwY2xhc3MlM0QlMjJ0b3JuYXItYnRuJTIyJTIwb25jbGljayUzRCUyMmdvQmFjayUyOCUyOSUyMiUzRSUzQyUyMFZvbHZlciUyMGElMjBQcm95ZWN0b3MlM0MlMkZidXR0b24lM0U=[\/vc_raw_html][\/vc_column][\/vc_row]<\/p>\n<\/section>","protected":false},"excerpt":{"rendered":"<p>[vc_row][vc_column width=\u00bb2\/3&#8243;][vc_gallery el_id=\u00bbgallery-501559&#8243; medias=\u00bb57621,57622,57623&#8243; gutter_size=\u00bb3&#8243; screen_lg=\u00bb1000&#8243; screen_md=\u00bb600&#8243; screen_sm=\u00bb480&#8243; single_overlay_opacity=\u00bb50&#8243; single_padding=\u00bb2&#8243;][\/vc_column][vc_column width=\u00bb1\/3&#8243;][vc_column_text el_class=\u00bbprojectes-p\u00bb]Nombre acto Canta Gran! Concert de Nadal de les [&hellip;]<\/p>\n","protected":false},"author":1,"featured_media":59714,"parent":0,"menu_order":67,"comment_status":"open","ping_status":"open","template":"","meta":[],"portfolio_category":[106,110],"_links":{"self":[{"href":"https:\/\/www.airun.cat\/es\/wp-json\/wp\/v2\/portfolio\/60017"}],"collection":[{"href":"https:\/\/www.airun.cat\/es\/wp-json\/wp\/v2\/portfolio"}],"about":[{"href":"https:\/\/www.airun.cat\/es\/wp-json\/wp\/v2\/types\/portfolio"}],"author":[{"embeddable":true,"href":"https:\/\/www.airun.cat\/es\/wp-json\/wp\/v2\/users\/1"}],"replies":[{"embeddable":true,"href":"https:\/\/www.airun.cat\/es\/wp-json\/wp\/v2\/comments?post=60017"}],"version-history":[{"count":2,"href":"https:\/\/www.airun.cat\/es\/wp-json\/wp\/v2\/portfolio\/60017\/revisions"}],"predecessor-version":[{"id":60115,"href":"https:\/\/www.airun.cat\/es\/wp-json\/wp\/v2\/portfolio\/60017\/revisions\/60115"}],"wp:featuredmedia":[{"embeddable":true,"href":"https:\/\/www.airun.cat\/es\/wp-json\/wp\/v2\/media\/59714"}],"wp:attachment":[{"href":"https:\/\/www.airun.cat\/es\/wp-json\/wp\/v2\/media?parent=60017"}],"wp:term":[{"taxonomy":"portfolio_category","embeddable":true,"href":"https:\/\/www.airun.cat\/es\/wp-json\/wp\/v2\/portfolio_category?post=60017"}],"curies":[{"name":"wp","href":"https:\/\/api.w.org\/{rel}","templated":true}]}}

<section class="wpb-content-wrapper"><p>[vc_row][vc_column width=»2/3&#8243;][vc_gallery el_id=»gallery-501559&#8243; medias=»57621,57622,57623&#8243; gutter_size=»3&#8243; screen_lg=»1000&#8243; screen_md=»600&#8243; screen_sm=»480&#8243; single_overlay_opacity=»50&#8243; single_padding=»2&#8243;][/vc_column][vc_column width=»1/3&#8243;][vc_column_text el_class=»projectes-p»]<strong>Nombre acto<br />
</strong>Canta Gran! Concert de Nadal de les persones grans de Barcelona<strong><br />
</strong></p>
<p><strong>Fecha realización<br />
</strong>Martes 20 de diciembre de 2016<strong><br />
</strong></p>
<p><strong>Nombre Cliente<br />
</strong>Departament de Promoció de la Gent Gran de l’Ajuntament de Barcelona<strong><br />
</strong></p>
<p><strong>Ubicació de l’acte<br />
</strong>L’Auditori de Barcelona – Sala 1 (Pau Casals)<strong><br />
</strong></p>
<p style="text-align: justify;"><strong>Descripción<br />
</strong>Coordinación general del proyecto, secretaría técnica y gestión de las corales participantes, gestión de públicos , producción, diseño y gestión de las redes sociales.<strong><br />
</strong></p>
<p><strong>Url&#8217;s<br />
</strong><a href="https://www.facebook.com/ConcertNadalGentGran" target="_blank" rel="noopener">Concert de Nadal de la Gent Gran (Facebook)</a><strong><br />
</strong></p>
<p><strong>Categorías</strong><br />
<ul class="subcat"><li><a href="https://www.airun.cat/es/subcategoria-projecte/actos-de-participacion/" rel="tag">Actos de participación</a></li><li><a href="https://www.airun.cat/es/subcategoria-projecte/programacion-cultural-espectaculos-y-actividades/" rel="tag">Programación cultural espectáculos y actividades</a></li><li><a href="https://www.airun.cat/es/subcategoria-projecte/secretaria-y-oficina-tecnica/" rel="tag">Secretaria y oficina técnica</a></li><li><a href="https://www.airun.cat/es/subcategoria-projecte/regidorias-y-coordinaciones-tecnicas/" rel="tag">Regidorías y coordinaciones técnicas</a></li><li><a href="https://www.airun.cat/es/subcategoria-projecte/soporte-tecnico-actos/" rel="tag">Soporte técnico actos</a></li></ul>[/vc_column_text][vc_raw_html]JTNDYnV0dG9uJTIwY2xhc3MlM0QlMjJ0b3JuYXItYnRuJTIyJTIwb25jbGljayUzRCUyMmdvQmFjayUyOCUyOSUyMiUzRSUzQyUyMFZvbHZlciUyMGElMjBQcm95ZWN0b3MlM0MlMkZidXR0b24lM0U=[/vc_raw_html][/vc_column][/vc_row][vc_row row_height_percent=»0&#8243; override_padding=»yes» h_padding=»2&#8243; top_padding=»3&#8243; bottom_padding=»4&#8243; back_color=»accent» overlay_alpha=»100&#8243; gutter_size=»100&#8243; shift_y=»0&#8243; style=»inherited» css=».vc_custom_1505747431453{margin-bottom: 0px !important;padding-bottom: 0px !important;}»][vc_column column_width_use_pixel=»yes» style=»dark» overlay_alpha=»100&#8243; gutter_size=»3&#8243; medium_width=»0&#8243; mobile_width=»0&#8243; shift_x=»0&#8243; shift_y=»0&#8243; z_index=»0&#8243; zoom_width=»0&#8243; zoom_height=»0&#8243; width=»1/1&#8243;][vc_custom_heading text_height=»fontheight-115847&#8243; text_font=»font-144571&#8243; text_weight=»500&#8243; text_transform=»uppercase» text_color=»color-xsdn» separator=»yes» sub_lead=»yes» sub_reduced=»yes» text_align=»text-center» el_class=»quisom-separator»]Cartelería[/vc_custom_heading][vc_gallery el_id=»gallery-190795&#8243; medias=»57624&#8243; gutter_size=»3&#8243; screen_lg=»1000&#8243; screen_md=»600&#8243; screen_sm=»480&#8243; single_overlay_opacity=»50&#8243; single_padding=»2&#8243;][/vc_column][/vc_row][vc_row row_height_percent=»0&#8243; override_padding=»yes» h_padding=»0&#8243; top_padding=»2&#8243; bottom_padding=»2&#8243; back_color=»color-uydo» overlay_alpha=»50&#8243; gutter_size=»3&#8243; shift_y=»0&#8243;][vc_column width=»1/3&#8243;][/vc_column][vc_column width=»1/3&#8243;][/vc_column][vc_column width=»1/3&#8243;][vc_raw_html]JTNDYnV0dG9uJTIwY2xhc3MlM0QlMjJ0b3JuYXItYnRuJTIyJTIwb25jbGljayUzRCUyMmdvQmFjayUyOCUyOSUyMiUzRSUzQyUyMFZvbHZlciUyMGElMjBQcm95ZWN0b3MlM0MlMkZidXR0b24lM0U=[/vc_raw_html][/vc_column][/vc_row]</p>
</section>
