{"id":60013,"date":"2017-09-21T09:37:30","date_gmt":"2017-09-21T08:37:30","guid":{"rendered":"http:\/\/www.airun.cat\/projecte\/66ena-edicio-de-la-nit-de-santa-llucia-festa-de-les-lletres-catalanes\/"},"modified":"2017-11-20T10:41:59","modified_gmt":"2017-11-20T09:41:59","slug":"66ena-edicio-de-la-nit-de-santa-llucia-festa-de-les-lletres-catalanes","status":"publish","type":"portfolio","link":"https:\/\/www.airun.cat\/es\/proyecto\/66ena-edicio-de-la-nit-de-santa-llucia-festa-de-les-lletres-catalanes\/","title":{"rendered":"66ena edici\u00f3 de la Nit de Santa Ll\u00facia \u2013 Festa de les Lletres Catalanes"},"content":{"rendered":"<section class=\"wpb-content-wrapper\"><p>[vc_row][vc_column width=\u00bb2\/3&#8243;][vc_gallery el_id=\u00bbgallery-501559&#8243; medias=\u00bb57607,57608,57609,57610,57611&#8243; gutter_size=\u00bb3&#8243; screen_lg=\u00bb1000&#8243; screen_md=\u00bb600&#8243; screen_sm=\u00bb480&#8243; single_overlay_opacity=\u00bb50&#8243; single_padding=\u00bb2&#8243;][\/vc_column][vc_column width=\u00bb1\/3&#8243;][vc_column_text el_class=\u00bbprojectes-p\u00bb]<strong>Nombre acto<br \/>\n<\/strong>66ena edici\u00f3 de la Nit de Santa Ll\u00facia \u2013 Festa de les Lletres Catalanes<strong><br \/>\n<\/strong><\/p>\n<p><strong>Fecha realizaci\u00f3n<br \/>\n<\/strong>Viernes 16 de diciembre de 2016<\/p>\n<p><strong>Nombre Cliente<br \/>\n<\/strong>\u00d2mnium Cultural<strong><br \/>\n<\/strong><\/p>\n<p><strong>Ubicaci\u00f3n del acto<br \/>\n<\/strong>Polideportivo Municipal Gornal de l\u2019Hospitalet del Llobregat<strong><br \/>\n<\/strong><\/p>\n<p style=\"text-align: justify;\"><strong>Descripci\u00f3n<br \/>\n<\/strong>Idea y dise\u00f1o de espect\u00e1culo, programaci\u00f3n art\u00edstica y guionizaci\u00f3n, producci\u00f3n t\u00e9cnica y log\u00edstica, soporte de personal de dinamizaci\u00f3n y regidor\u00eda y servicios audiovisuales.<strong><br \/>\n<\/strong><\/p>\n<p><strong>Url&#8217;s<br \/>\n<\/strong><a href=\"https:\/\/www.youtube.com\/watch?v=QCfjKTiHprE&amp;feature=youtu.be\" target=\"_blank\" rel=\"noopener\">La Nit de Santa Ll\u00facia en dos minuts! (v\u00eddeo)<\/a><br \/>\n<a href=\"https:\/\/www.omnium.cat\/\" target=\"_blank\" rel=\"noopener\">\u00d2mnium<\/a><strong><br \/>\n<\/strong><\/p>\n<p><strong>Categor\u00edas<\/strong><br \/>\n<ul class=\"subcat\"><li><a href=\"https:\/\/www.airun.cat\/es\/subcategoria-projecte\/programacion-cultural-espectaculos-y-actividades\/\" rel=\"tag\">Programaci\u00f3n cultural espect\u00e1culos y actividades<\/a><\/li><li><a href=\"https:\/\/www.airun.cat\/es\/subcategoria-projecte\/regidorias-y-coordinaciones-tecnicas\/\" rel=\"tag\">Regidor\u00edas y coordinaciones t\u00e9cnicas<\/a><\/li><li><a href=\"https:\/\/www.airun.cat\/es\/subcategoria-projecte\/soporte-tecnico-actos\/\" rel=\"tag\">Soporte t\u00e9cnico actos<\/a><\/li><\/ul>[\/vc_column_text][vc_raw_html]JTNDYnV0dG9uJTIwY2xhc3MlM0QlMjJ0b3JuYXItYnRuJTIyJTIwb25jbGljayUzRCUyMmdvQmFjayUyOCUyOSUyMiUzRSUzQyUyMFZvbHZlciUyMGElMjBQcm95ZWN0b3MlM0MlMkZidXR0b24lM0U=[\/vc_raw_html][\/vc_column][\/vc_row]<\/p>\n<\/section>","protected":false},"excerpt":{"rendered":"<p>[vc_row][vc_column width=\u00bb2\/3&#8243;][vc_gallery el_id=\u00bbgallery-501559&#8243; medias=\u00bb57607,57608,57609,57610,57611&#8243; gutter_size=\u00bb3&#8243; screen_lg=\u00bb1000&#8243; screen_md=\u00bb600&#8243; screen_sm=\u00bb480&#8243; single_overlay_opacity=\u00bb50&#8243; single_padding=\u00bb2&#8243;][\/vc_column][vc_column width=\u00bb1\/3&#8243;][vc_column_text el_class=\u00bbprojectes-p\u00bb]Nombre acto 66ena edici\u00f3 de la Nit de Santa [&hellip;]<\/p>\n","protected":false},"author":1,"featured_media":59700,"parent":0,"menu_order":69,"comment_status":"open","ping_status":"open","template":"","meta":[],"portfolio_category":[106,110],"_links":{"self":[{"href":"https:\/\/www.airun.cat\/es\/wp-json\/wp\/v2\/portfolio\/60013"}],"collection":[{"href":"https:\/\/www.airun.cat\/es\/wp-json\/wp\/v2\/portfolio"}],"about":[{"href":"https:\/\/www.airun.cat\/es\/wp-json\/wp\/v2\/types\/portfolio"}],"author":[{"embeddable":true,"href":"https:\/\/www.airun.cat\/es\/wp-json\/wp\/v2\/users\/1"}],"replies":[{"embeddable":true,"href":"https:\/\/www.airun.cat\/es\/wp-json\/wp\/v2\/comments?post=60013"}],"version-history":[{"count":2,"href":"https:\/\/www.airun.cat\/es\/wp-json\/wp\/v2\/portfolio\/60013\/revisions"}],"predecessor-version":[{"id":60122,"href":"https:\/\/www.airun.cat\/es\/wp-json\/wp\/v2\/portfolio\/60013\/revisions\/60122"}],"wp:featuredmedia":[{"embeddable":true,"href":"https:\/\/www.airun.cat\/es\/wp-json\/wp\/v2\/media\/59700"}],"wp:attachment":[{"href":"https:\/\/www.airun.cat\/es\/wp-json\/wp\/v2\/media?parent=60013"}],"wp:term":[{"taxonomy":"portfolio_category","embeddable":true,"href":"https:\/\/www.airun.cat\/es\/wp-json\/wp\/v2\/portfolio_category?post=60013"}],"curies":[{"name":"wp","href":"https:\/\/api.w.org\/{rel}","templated":true}]}}

66ena edició de la Nit de Santa Llúcia – Festa de les Lletres Catalanes

<section class="wpb-content-wrapper"><p>[vc_row][vc_column width=»2/3&#8243;][vc_gallery el_id=»gallery-501559&#8243; medias=»57607,57608,57609,57610,57611&#8243; gutter_size=»3&#8243; screen_lg=»1000&#8243; screen_md=»600&#8243; screen_sm=»480&#8243; single_overlay_opacity=»50&#8243; single_padding=»2&#8243;][/vc_column][vc_column width=»1/3&#8243;][vc_column_text el_class=»projectes-p»]<strong>Nombre acto<br />
</strong>66ena edició de la Nit de Santa Llúcia – Festa de les Lletres Catalanes<strong><br />
</strong></p>
<p><strong>Fecha realización<br />
</strong>Viernes 16 de diciembre de 2016</p>
<p><strong>Nombre Cliente<br />
</strong>Òmnium Cultural<strong><br />
</strong></p>
<p><strong>Ubicación del acto<br />
</strong>Polideportivo Municipal Gornal de l’Hospitalet del Llobregat<strong><br />
</strong></p>
<p style="text-align: justify;"><strong>Descripción<br />
</strong>Idea y diseño de espectáculo, programación artística y guionización, producción técnica y logística, soporte de personal de dinamización y regidoría y servicios audiovisuales.<strong><br />
</strong></p>
<p><strong>Url&#8217;s<br />
</strong><a href="https://www.youtube.com/watch?v=QCfjKTiHprE&amp;feature=youtu.be" target="_blank" rel="noopener">La Nit de Santa Llúcia en dos minuts! (vídeo)</a><br />
<a href="https://www.omnium.cat/" target="_blank" rel="noopener">Òmnium</a><strong><br />
</strong></p>
<p><strong>Categorías</strong><br />
<ul class="subcat"><li><a href="https://www.airun.cat/es/subcategoria-projecte/programacion-cultural-espectaculos-y-actividades/" rel="tag">Programación cultural espectáculos y actividades</a></li><li><a href="https://www.airun.cat/es/subcategoria-projecte/regidorias-y-coordinaciones-tecnicas/" rel="tag">Regidorías y coordinaciones técnicas</a></li><li><a href="https://www.airun.cat/es/subcategoria-projecte/soporte-tecnico-actos/" rel="tag">Soporte técnico actos</a></li></ul>[/vc_column_text][vc_raw_html]JTNDYnV0dG9uJTIwY2xhc3MlM0QlMjJ0b3JuYXItYnRuJTIyJTIwb25jbGljayUzRCUyMmdvQmFjayUyOCUyOSUyMiUzRSUzQyUyMFZvbHZlciUyMGElMjBQcm95ZWN0b3MlM0MlMkZidXR0b24lM0U=[/vc_raw_html][/vc_column][/vc_row]</p>
</section>

<p>[vc_row][vc_column width=»2/3&#8243;][vc_gallery el_id=»gallery-501559&#8243; medias=»57607,57608,57609,57610,57611&#8243; gutter_size=»3&#8243; screen_lg=»1000&#8243; screen_md=»600&#8243; screen_sm=»480&#8243; single_overlay_opacity=»50&#8243; single_padding=»2&#8243;][/vc_column][vc_column width=»1/3&#8243;][vc_column_text el_class=»projectes-p»]Nombre acto 66ena edició de la Nit de Santa [&hellip;]</p>
